{"id":10,"date":"2019-08-15T21:26:35","date_gmt":"2019-08-15T19:26:35","guid":{"rendered":"http:\/\/siondansait85.fr\/?page_id=10"},"modified":"2023-08-18T09:05:23","modified_gmt":"2023-08-18T07:05:23","slug":"contact","status":"publish","type":"page","link":"https:\/\/siondansait85.fr\/index.php\/contact\/","title":{"rendered":"Contact"},"content":{"rendered":"\n<p class=\"has-text-align-center\">Si vous avez des questions ou souhaitez plus de renseignements, n&rsquo;h\u00e9sitez pas \u00e0 prendre contact avec Guy, le pr\u00e9sident, ou Cathy, notre secr\u00e9taire. Ils vous r\u00e9pondront avec plaisir ou vous recontacteront si besoin (n&rsquo;h\u00e9sitez pas \u00e0 laisser un message).<\/p>\n\n\n\n<p><strong>Par t\u00e9l\u00e9phone :<\/strong><\/p>\n\n\n\n<figure class=\"wp-block-table\"><table><tbody><tr><td class=\"has-text-align-center\" data-align=\"center\"> <strong>Guy<\/strong> (pr\u00e9sident)<\/td><td class=\"has-text-align-center\" data-align=\"center\">02 51 69 57 35<\/td><\/tr><tr><td class=\"has-text-align-center\" data-align=\"center\"><strong>Cathy<\/strong> (secr\u00e9taire)<\/td><td class=\"has-text-align-center\" data-align=\"center\">06 87 50 06 86<\/td><\/tr><\/tbody><\/table><\/figure>\n\n\n\n<p><strong>Par mail :<\/strong><\/p>\n\n\n\n<blockquote class=\"wp-block-quote has-text-align-center\"><p><strong>siondansait85200@gmail.com<\/strong><\/p><\/blockquote>\n\n\n\n<hr class=\"wp-block-separator has-alpha-channel-opacity\"\/>\n\n\n\n<p class=\"has-text-align-center has-medium-font-size\"><strong>Suivez notre actualit\u00e9 et rejoignez-nous sur les r\u00e9seaux sociaux <\/strong><\/p>\n\n\n\n<div class=\"wp-container-1 wp-block-group alignwide\"><div class=\"wp-block-group__inner-container\">\n<div class=\"wp-block-media-text alignwide is-stacked-on-mobile\" style=\"grid-template-columns:15% auto\"><figure class=\"wp-block-media-text__media\"><a href=\"https:\/\/www.instagram.com\/siondansait_fontenaylecomte\/\"><img loading=\"lazy\" width=\"220\" height=\"220\" src=\"https:\/\/siondansait85.fr\/wp-content\/uploads\/2022\/07\/instagram-logo-couleur-2.png\" alt=\"\" class=\"wp-image-293 size-full\" srcset=\"https:\/\/siondansait85.fr\/wp-content\/uploads\/2022\/07\/instagram-logo-couleur-2.png 220w, https:\/\/siondansait85.fr\/wp-content\/uploads\/2022\/07\/instagram-logo-couleur-2-150x150.png 150w, https:\/\/siondansait85.fr\/wp-content\/uploads\/2022\/07\/instagram-logo-couleur-2-100x100.png 100w\" sizes=\"(max-width: 220px) 100vw, 220px\" \/><\/a><\/figure><div class=\"wp-block-media-text__content\">\n<p class=\"has-text-align-left\">@siondansait_fontenaylecomte<\/p>\n<\/div><\/div>\n<\/div><\/div>\n\n\n\n<div class=\"wp-container-2 wp-block-group alignwide\"><div class=\"wp-block-group__inner-container\">\n<div class=\"wp-block-media-text alignwide is-stacked-on-mobile is-vertically-aligned-center\" style=\"grid-template-columns:15% auto\"><figure class=\"wp-block-media-text__media\"><a href=\"https:\/\/www.facebook.com\/SiOnDansaitFontenaylecomte\"><img loading=\"lazy\" width=\"325\" height=\"325\" src=\"https:\/\/siondansait85.fr\/wp-content\/uploads\/2022\/07\/facebook-logo-couleur-1.png\" alt=\"\" class=\"wp-image-294 size-full\" srcset=\"https:\/\/siondansait85.fr\/wp-content\/uploads\/2022\/07\/facebook-logo-couleur-1.png 325w, https:\/\/siondansait85.fr\/wp-content\/uploads\/2022\/07\/facebook-logo-couleur-1-300x300.png 300w, https:\/\/siondansait85.fr\/wp-content\/uploads\/2022\/07\/facebook-logo-couleur-1-150x150.png 150w, https:\/\/siondansait85.fr\/wp-content\/uploads\/2022\/07\/facebook-logo-couleur-1-100x100.png 100w\" sizes=\"(max-width: 325px) 100vw, 325px\" \/><\/a><\/figure><div class=\"wp-block-media-text__content\">\n<p class=\"has-text-align-left\">@siondansaitfontenaylecomte<\/p>\n<\/div><\/div>\n<\/div><\/div>\n","protected":false},"excerpt":{"rendered":"<p>Si vous avez des questions ou souhaitez plus de renseignements, n&rsquo;h\u00e9sitez pas \u00e0 prendre contact avec Guy, le pr\u00e9sident, ou Cathy, notre secr\u00e9taire. Ils vous r\u00e9pondront avec plaisir ou vous recontacteront si besoin (n&rsquo;h\u00e9sitez pas \u00e0 laisser un message). Par t\u00e9l\u00e9phone : Guy (pr\u00e9sident) 02 51 69 57 35 Cathy (secr\u00e9taire) 06 87 50 06 &hellip; <\/p>\n<p class=\"link-more\"><a href=\"https:\/\/siondansait85.fr\/index.php\/contact\/\" class=\"more-link\">Continuer la lecture<span class=\"screen-reader-text\"> de &laquo;&nbsp;Contact&nbsp;&raquo;<\/span><\/a><\/p>\n","protected":false},"author":1,"featured_media":0,"parent":0,"menu_order":0,"comment_status":"closed","ping_status":"closed","template":"","meta":[],"_links":{"self":[{"href":"https:\/\/siondansait85.fr\/index.php\/wp-json\/wp\/v2\/pages\/10"}],"collection":[{"href":"https:\/\/siondansait85.fr\/index.php\/wp-json\/wp\/v2\/pages"}],"about":[{"href":"https:\/\/siondansait85.fr\/index.php\/wp-json\/wp\/v2\/types\/page"}],"author":[{"embeddable":true,"href":"https:\/\/siondansait85.fr\/index.php\/wp-json\/wp\/v2\/users\/1"}],"replies":[{"embeddable":true,"href":"https:\/\/siondansait85.fr\/index.php\/wp-json\/wp\/v2\/comments?post=10"}],"version-history":[{"count":17,"href":"https:\/\/siondansait85.fr\/index.php\/wp-json\/wp\/v2\/pages\/10\/revisions"}],"predecessor-version":[{"id":424,"href":"https:\/\/siondansait85.fr\/index.php\/wp-json\/wp\/v2\/pages\/10\/revisions\/424"}],"wp:attachment":[{"href":"https:\/\/siondansait85.fr\/index.php\/wp-json\/wp\/v2\/media?parent=10"}],"curies":[{"name":"wp","href":"https:\/\/api.w.org\/{rel}","templated":true}]}}